{"id":30,"date":"2017-05-05T15:04:34","date_gmt":"2017-05-05T13:04:34","guid":{"rendered":"http:\/\/www.teamenergies.be\/?page_id=30"},"modified":"2018-04-16T09:38:13","modified_gmt":"2018-04-16T07:38:13","slug":"chauffage","status":"publish","type":"page","link":"https:\/\/www.teamenergies.be\/index.php\/chauffage\/","title":{"rendered":"Chauffage"},"content":{"rendered":"<p><div  class=\"fusion-fullwidth fullwidth-box fusion-parallax-none hundred-percent-fullwidth fusion-no-medium-visibility fusion-no-large-visibility\"  style='background-color: rgba(255,255,255,0);background-image: url(\"http:\/\/www.teamenergies.be\/wp-content\/uploads\/2017\/05\/radiator2.png\");background-position: center center;background-repeat: no-repeat;padding-top:20px;padding-right:0px;padding-bottom:20px;padding-left:0px;-webkit-background-size:cover;-moz-background-size:cover;-o-background-size:cover;background-size:cover;background-attachment:none;'><div class=\"fusion-builder-row fusion-row \"><div  class=\"fusion-layout-column fusion_builder_column fusion_builder_column_1_4  fusion-one-fourth fusion-column-first 1_4\"  style='margin-top:55px;margin-bottom:40px;width:25%;width:calc(25% - ( ( 4% + 4% ) * 0.25 ) );margin-right: 4%;'>\n\t\t\t<div class=\"fusion-column-wrapper\" style=\"background-position:left top;background-repeat:no-repeat;-webkit-background-size:cover;-moz-background-size:cover;-o-background-size:cover;background-size:cover;\"  data-bg-url=\"\">\n\t\t\t\t<div class=\"fusion-clearfix\"><\/div>\n\n\t\t\t<\/div>\n\t\t<\/div><div  class=\"fusion-layout-column fusion_builder_column fusion_builder_column_1_2  fusion-one-half 1_2\"  style='margin-top:55px;margin-bottom:40px;width:50%;width:calc(50% - ( ( 4% + 4% ) * 0.5 ) );margin-right: 4%;'>\n\t\t\t<div class=\"fusion-column-wrapper\" style=\"background-position:left top;background-repeat:no-repeat;-webkit-background-size:cover;-moz-background-size:cover;-o-background-size:cover;background-size:cover;\"  data-bg-url=\"\">\n\t\t\t\t<h1 style=\"text-align: center;\"><span style=\"color: #ffffff;\">Le choix de la solution \u00e0 utiliser d\u00e9pend de chaque cas, de la puissance requise, de la source d\u2019\u00e9nergie disponible et, enfin, des exigences individuelles du client.<\/span><\/h1>\n<div class=\"fusion-clearfix\"><\/div>\n\n\t\t\t<\/div>\n\t\t<\/div><div  class=\"fusion-layout-column fusion_builder_column fusion_builder_column_1_4  fusion-one-fourth fusion-column-last 1_4\"  style='margin-top:55px;margin-bottom:40px;width:25%;width:calc(25% - ( ( 4% + 4% ) * 0.25 ) );'>\n\t\t\t<div class=\"fusion-column-wrapper\" style=\"background-position:left top;background-repeat:no-repeat;-webkit-background-size:cover;-moz-background-size:cover;-o-background-size:cover;background-size:cover;\"  data-bg-url=\"\">\n\t\t\t\t<div class=\"imageframe-align-center\"><span style=\"border:5px solid #ffffff;-webkit-border-radius:10px;-moz-border-radius:10px;border-radius:10px;\" class=\"fusion-imageframe imageframe-none imageframe-1 hover-type-none fusion-animated\" data-animationType=\"bounce\" data-animationDuration=\"1.0\" data-animationOffset=\"100%\"><img loading=\"lazy\" src=\"http:\/\/www.teamenergies.be\/wp-content\/uploads\/2017\/05\/Chauffage-250px-e1494066361577.png\" width=\"150\" height=\"150\" alt=\"\" title=\"Chauffage-250px\" class=\"img-responsive wp-image-105\" style=\"-webkit-border-radius:10px;-moz-border-radius:10px;border-radius:10px;\"\/><\/span><\/div><h1 style=\"text-align: center;\"><span style=\"color: #ffffff;\">Chauffage<\/span><\/h1>\n<div class=\"fusion-clearfix\"><\/div>\n\n\t\t\t<\/div>\n\t\t<\/div><\/div><\/div><div  class=\"fusion-fullwidth fullwidth-box nonhundred-percent-fullwidth\"  style='background-color: rgba(255,255,255,0);background-position: center center;background-repeat: no-repeat;padding-top:20px;padding-right:0px;padding-bottom:20px;padding-left:0px;'><div class=\"fusion-builder-row fusion-row \"><div  class=\"fusion-layout-column fusion_builder_column fusion_builder_column_1_2  fusion-one-half fusion-column-first 1_2\"  style='margin-top:55px;margin-bottom:40px;width:50%;width:calc(50% - ( ( 4% ) * 0.5 ) );margin-right: 4%;'>\n\t\t\t<div class=\"fusion-column-wrapper\" style=\"background-position:left top;background-repeat:no-repeat;-webkit-background-size:cover;-moz-background-size:cover;-o-background-size:cover;background-size:cover;\"  data-bg-url=\"\">\n\t\t\t\t<p><span style=\"color: #000000;\">VOICI QUELQUES CONSEILS DE PR\u00c9VENTION POUR \u00c9VITER UNE INTOXICATION AU MONOXYDE DE CARBONE ( CO )<\/span><\/p>\n<p><span style=\"color: #000000;\">* L\u2019installation et l\u2019entretien p\u00e9riodique des appareils ne peuvent \u00eatre confi\u00e9s qu\u2019\u00e0 des professionnels qualifi\u00e9s.<span class=\"text_exposed_show\"><br \/>\n* Ne pas obstruer les ventilations des chaufferies.<br \/>\n* Remplacer vos appareils v\u00e9tustes et non conformes .<br \/>\n* Effectuer un ramonage annuel des chemin\u00e9es.<\/span><\/span><\/p>\n<div class=\"text_exposed_show\">\n<p><span style=\"color: #000000;\">SYMPT\u00d4MES<\/span><\/p>\n<p><span style=\"color: #000000;\">\u2013 une concentration de monoxyde de carbone dans l\u2019air \u00e9quivalente \u00e0 0,02 % provoque des maux de t\u00eate, vertiges, vision floue, fatigue, naus\u00e9es ;<\/span><br \/>\n<span style=\"color: #000000;\"> \u2013 une concentration de 0,1 % provoque les m\u00eames sympt\u00f4mes, une faiblesse des jambes, une impossibilit\u00e9 de marcher et un \u00e9tat de somnolence ;<\/span><br \/>\n<span style=\"color: #000000;\"> \u2013 une concentration de 0,15 % provoque une syncope ;<\/span><br \/>\n<span style=\"color: #000000;\"> \u2013 une concentration de 0,20 % provoque un risque de d\u00e9c\u00e8s.<\/span><\/p>\n<\/div>\n<div class=\"fusion-clearfix\"><\/div>\n\n\t\t\t<\/div>\n\t\t<\/div><div  class=\"fusion-layout-column fusion_builder_column fusion_builder_column_1_2  fusion-one-half fusion-column-last 1_2\"  style='margin-top:55px;margin-bottom:40px;width:50%;width:calc(50% - ( ( 4% ) * 0.5 ) );'>\n\t\t\t<div class=\"fusion-column-wrapper\" style=\"background-position:left top;background-repeat:no-repeat;-webkit-background-size:cover;-moz-background-size:cover;-o-background-size:cover;background-size:cover;\"  data-bg-url=\"\">\n\t\t\t\t<div class=\"imageframe-align-center\"><span style=\"-webkit-border-radius:10px;-moz-border-radius:10px;border-radius:10px;\" class=\"fusion-imageframe imageframe-none imageframe-2 hover-type-zoomin\"><img loading=\"lazy\" src=\"http:\/\/www.teamenergies.be\/wp-content\/uploads\/2017\/05\/co5.jpg\" width=\"800\" height=\"510\" alt=\"\" title=\"co5\" class=\"img-responsive wp-image-97\" style=\"-webkit-border-radius:10px;-moz-border-radius:10px;border-radius:10px;\" srcset=\"https:\/\/www.teamenergies.be\/wp-content\/uploads\/2017\/05\/co5-200x128.jpg 200w, https:\/\/www.teamenergies.be\/wp-content\/uploads\/2017\/05\/co5-400x255.jpg 400w, https:\/\/www.teamenergies.be\/wp-content\/uploads\/2017\/05\/co5-600x383.jpg 600w, https:\/\/www.teamenergies.be\/wp-content\/uploads\/2017\/05\/co5.jpg 800w\" sizes=\"(max-width: 800px) 100vw, 1100px\" \/><\/span><\/div><div class=\"fusion-clearfix\"><\/div>\n\n\t\t\t<\/div>\n\t\t<\/div><\/div><\/div><\/p>\n","protected":false},"excerpt":{"rendered":"","protected":false},"author":1,"featured_media":0,"parent":0,"menu_order":0,"comment_status":"closed","ping_status":"closed","template":"100-width.php","meta":[],"yoast_head":"<!-- This site is optimized with the Yoast SEO plugin v15.2.1 - https:\/\/yoast.com\/wordpress\/plugins\/seo\/ -->\n<title>Chauffage - Team Energies<\/title>\n<meta name=\"robots\" content=\"index, follow, max-snippet:-1, max-image-preview:large, max-video-preview:-1\" \/>\n<link rel=\"canonical\" href=\"https:\/\/www.teamenergies.be\/index.php\/chauffage\/\" \/>\n<meta property=\"og:locale\" content=\"fr_FR\" \/>\n<meta property=\"og:type\" content=\"article\" \/>\n<meta property=\"og:title\" content=\"Chauffage - Team Energies\" \/>\n<meta property=\"og:url\" content=\"https:\/\/www.teamenergies.be\/index.php\/chauffage\/\" \/>\n<meta property=\"og:site_name\" content=\"Team Energies\" \/>\n<meta property=\"article:publisher\" content=\"https:\/\/www.facebook.com\/teamenergies\/\" \/>\n<meta property=\"article:modified_time\" content=\"2018-04-16T07:38:13+00:00\" \/>\n<meta name=\"twitter:card\" content=\"summary\" \/>\n<meta name=\"twitter:label1\" content=\"\u00c9crit par\">\n\t<meta name=\"twitter:data1\" content=\"admin8564\">\n\t<meta name=\"twitter:label2\" content=\"Dur\u00e9e de lecture est.\">\n\t<meta name=\"twitter:data2\" content=\"3 minutes\">\n<script type=\"application\/ld+json\" class=\"yoast-schema-graph\">{\"@context\":\"https:\/\/schema.org\",\"@graph\":[{\"@type\":\"Organization\",\"@id\":\"https:\/\/www.teamenergies.be\/#organization\",\"name\":\"Team Energies\",\"url\":\"https:\/\/www.teamenergies.be\/\",\"sameAs\":[\"https:\/\/www.facebook.com\/teamenergies\/\"],\"logo\":{\"@type\":\"ImageObject\",\"@id\":\"https:\/\/www.teamenergies.be\/#logo\",\"inLanguage\":\"fr-FR\",\"url\":\"https:\/\/www.teamenergies.be\/wp-content\/uploads\/2017\/04\/Team-Energies-logo.png\",\"width\":1617,\"height\":1003,\"caption\":\"Team Energies\"},\"image\":{\"@id\":\"https:\/\/www.teamenergies.be\/#logo\"}},{\"@type\":\"WebSite\",\"@id\":\"https:\/\/www.teamenergies.be\/#website\",\"url\":\"https:\/\/www.teamenergies.be\/\",\"name\":\"Team Energies\",\"description\":\"Chauffage - Sanitaire - Electricit\\u00e9 - Ventilation\",\"publisher\":{\"@id\":\"https:\/\/www.teamenergies.be\/#organization\"},\"potentialAction\":[{\"@type\":\"SearchAction\",\"target\":\"https:\/\/www.teamenergies.be\/?s={search_term_string}\",\"query-input\":\"required name=search_term_string\"}],\"inLanguage\":\"fr-FR\"},{\"@type\":\"WebPage\",\"@id\":\"https:\/\/www.teamenergies.be\/index.php\/chauffage\/#webpage\",\"url\":\"https:\/\/www.teamenergies.be\/index.php\/chauffage\/\",\"name\":\"Chauffage - Team Energies\",\"isPartOf\":{\"@id\":\"https:\/\/www.teamenergies.be\/#website\"},\"datePublished\":\"2017-05-05T13:04:34+00:00\",\"dateModified\":\"2018-04-16T07:38:13+00:00\",\"inLanguage\":\"fr-FR\",\"potentialAction\":[{\"@type\":\"ReadAction\",\"target\":[\"https:\/\/www.teamenergies.be\/index.php\/chauffage\/\"]}]}]}<\/script>\n<!-- \/ Yoast SEO plugin. -->","_links":{"self":[{"href":"https:\/\/www.teamenergies.be\/index.php\/wp-json\/wp\/v2\/pages\/30"}],"collection":[{"href":"https:\/\/www.teamenergies.be\/index.php\/wp-json\/wp\/v2\/pages"}],"about":[{"href":"https:\/\/www.teamenergies.be\/index.php\/wp-json\/wp\/v2\/types\/page"}],"author":[{"embeddable":true,"href":"https:\/\/www.teamenergies.be\/index.php\/wp-json\/wp\/v2\/users\/1"}],"replies":[{"embeddable":true,"href":"https:\/\/www.teamenergies.be\/index.php\/wp-json\/wp\/v2\/comments?post=30"}],"version-history":[{"count":54,"href":"https:\/\/www.teamenergies.be\/index.php\/wp-json\/wp\/v2\/pages\/30\/revisions"}],"predecessor-version":[{"id":254,"href":"https:\/\/www.teamenergies.be\/index.php\/wp-json\/wp\/v2\/pages\/30\/revisions\/254"}],"wp:attachment":[{"href":"https:\/\/www.teamenergies.be\/index.php\/wp-json\/wp\/v2\/media?parent=30"}],"curies":[{"name":"wp","href":"https:\/\/api.w.org\/{rel}","templated":true}]}}